site?
True
Is 90536028013 a prime number?
False
Is 2382393011 a composite number?
True
Is 1091616967 prime?
False
Is 2809842383 a prime number?
True
Is 14423547923 a prime number?
True
Is 19481368747 a composite number?
False
Is 18174691589 prime?
False
Is 3827089369 composite?
True
Is 15876653179 a composite number?
False
Is 18433320277 composite?
False
Is 67390980799 a composite number?
False
Is 18363209869 prime?
False
Is 92768857 a prime number?
True
Is 161061053 composite?
False
Is 2534880266 a prime number?
False
Is 417078863 a composite number?
True
Is 339391231 composite?
False
Is 369236533 a prime number?
False
Is 1763855591 a prime number?
True
Is 81181590107 composite?
True
Is 2421917599 a composite number?
True
Is 11849621309 a composite number?
False
Is 41879709527 a composite number?
True
Is 654127517 a prime number?
False
Is 42032902253 a composite number?
False
Is 32955214961 composite?
False
Is 1679733031 prime?
False
Is 3033686497 composite?
True
Is 170685477593 a composite number?
True
Is 148997357 a prime number?
True
Is 4673157617 prime?
True
Is 30192076963 a composite number?
True
Is 9099143069 prime?
False
Is 2658060446 composite?
True
Is 1114040783 prime?
False
Is 1016010967 a composite number?
True
Is 77546629577 prime?
True
Is 94085250013 prime?
False
Is 4657675753 a composite number?
False
Is 1007542141 a prime number?
True
Is 3078616529 a prime number?
True
Is 3113842991 composite?
True
Is 18514175003 composite?
False
Is 3619258177 composite?
False
Is 1905357407 a prime number?
True
Is 365458299007 a prime number?
False
Is 4684209773 a prime number?
False
Is 236994071 a composite number?
False
Is 711002269 prime?
False
Is 8146713559 a prime number?
True
Is 33395305763 a composite number?
False
Is 1141442759 a prime number?
True
Is 20106691747 prime?
False
Is 103564369 composite?
True
Is 4193473961 a prime number?
True
Is 636929659 a prime number?
True
Is 207554071 a prime number?
False
Is 56982653747 a composite number?
False
Is 1410231721 a prime number?
False
Is 1472272411 composite?
True
Is 7025392961 a prime number?
False
Is 77806056803 composite?
False
Is 318653773 composite?
True
Is 26183458787 a prime number?
True
Is 15554593007 a prime number?
False
Is 11650298071 composite?
True
Is 917889899 a composite number?
False
Is 286014013 a prime number?
True
Is 23014952222 composite?
True
Is 1844924657 prime?
True
Is 7654241831 a composite number?
False
Is 4521843331 a composite number?
False
Is 752737121 a prime number?
False
Is 5265952529 a composite number?
False
Is 15574067 prime?
True
Is 140379389 a prime number?
False
Is 616630702 prime?
False
Is 1315412087 a composite number?
True
Is 887677181 a composite number?
False
Is 34183517801 a composite number?
False
Is 1185676369 composite?
True
Is 83487136217 prime?
False
Is 7575945647 a composite number?
False
Is 125772209 prime?
False
Is 92017973 a prime number?
False
Is 554655523 composite?
False
Is 4478434663 prime?
True
Is 8391107927 a prime number?
True
Is 10205570783 prime?
False
Is 289733551 composite?
True
Is 1579889887 a prime number?
True
Is 12652192109 composite?
True
Is 32975167913 composite?
False
Is 2321599387 a composite number?
True
Is 1092452729 composite?
False
Is 295672183 a composite number?
True
Is 11920485959 a prime number?
False
Is 104758413907 prime?
False
Is 2498310653 a composite number?
False
Is 315568353 a composite number?
True
Is 36361910749 a prime number?
False
Is 5785529821 a prime number?
True
Is 18508801291 prime?
False
Is 22067076371 prime?
True
Is 10567822637 a composite number?
False
Is 478713913 a composite number?
True
Is 24908567677 a prime number?
False
Is 755101409 composite?
True
Is 6642993095 a prime number?
False
Is 2451493567 a prime number?
True
Is 25177416989 composite?
False
Is 462568651 prime?
False
Is 1384448581 prime?
False
Is 23352047347 a prime number?
True
Is 1426123129 prime?
False
Is 8371556378 a composite number?
True
Is 2411510261 a composite number?
True
Is 1812552847 prime?
False
Is 21665419823 composite?
False
Is 7821499949 composite?
False
Is 139974442783 composite?
True
Is 996357083 composite?
True
Is 1832167063 prime?
True
Is 122194087 a composite number?
True
Is 946944181 a prime number?
False
Is 1771472663 prime?
False
Is 1112849021 composite?
False
Is 2521924237 a composite number?
True
Is 1212394229 a composite number?
False
Is 40950400321 a composite number?
False
Is 44739714289 prime?
False
Is 505553201 composite?
True
Is 19827314219 composite?
True
Is 670531013 prime?
True
Is 12835239941 prime?
True
Is 10300936771 composite?
True
Is 2386027907 a prime number?
True
Is 156208242011 a composite number?
True
Is 609547769 a composite number?
False
Is 9098685181 a prime number?
True
Is 11558843183 prime?
True
Is 786456883 a composite number?
False
Is 13700838889 prime?
True
Is 3294024427 composite?
False
Is 417578563 a composite number?
True
Is 14651205269 a composite number?
False
Is 58821223127 a prime number?
True
Is 7061454353 prime?
False
Is 217963685 a prime number?
False
Is 101187037319 prime?
True
Is 3315559369 composite?
False
Is 46791725801 a prime number?
True
Is 105142679 a prime number?
True
Is 15153911 a composite number?
True
Is 5958855673 a prime number?
True
Is 193488825247 a composite number?
True
Is 2820085843 composite?
False
Is 11352996341 composite?
False
Is 24320401159 composite?
False
Is 273169661 a composite number?
False
Is 2489998039 prime?
True
Is 1496923141 a prime number?
False
Is 1477160471 a composite number?
False
Is 299472301 composite?
False
Is 491278901 prime?
True
Is 5241644723 prime?
False
Is 42381109 a composite number?
False
Is 25576274959 a composite number?
False
Is 5483230997 a prime number?
True
Is 1832294743 a composite number?
False
Is 2041145609 a prime number?
True
Is 14038583989 composite?
True
Is 2205168397 a prime number?
False
Is 2606535079 prime?
False
Is 3224732593 prime?
True
Is 60038764589 composite?
False
Is 402483563 composite?
True
Is 401261479 composite?
False
Is 39311033 a composite number?
True
Is 115520177 a composite number?
False
Is 10960163209 a composite number?
False
Is 4287771737 composite?
False
Is 4688231279 composite?
False
Is 421252513 prime?
False
Is 1224855241 a prime number?
True
Is 916853374 prime?
False
Is 3563536007 a composite number?
True
Is 1062536131 composite?
False
Is 60507173 a prime number?
False
Is 1593041039 composite?
True
Is 921681587 composite?
True
Is 6802477079 prime?
False
Is 14035490401 prime?
False
Is 11527444067 prime?
True
Is 118251587 composite?
False
Is 565160503 a prime number?
True
Is 379092277 prime?
False
Is 165891767 prime?
True
Is 1767101043 prime?
False
Is 39750612497 prime?
True
Is 3043997183 prime?
True
Is 9035566 a composite number?
True
Is 768958087 a prime number?
False
Is 3393460619 a composite number?
True
Is 41194143883 composite?
False
Is 23729423 prime?
False
Is 12534928061 a prime number?
True
Is 225838049 a composite number?
False
Is 84841114081 prime?
True
Is 14786595601 a prime number?
True
Is 62888603 a prime number?
True
Is 126340061 prime?
False
Is 870436103 prime?
False
Is 249238817339 composite?
True
Is 10963251973 a composite number?
False
Is 21537788339 composite?
False
Is 67761731 a prime number?
True
Is 1205519867 a composite number?
False
Is 19564196101 composite?
False
Is 83630344987 prime?
False
Is 25601516587 a composite number?
False
Is 308468161 a composite number?
True
Is 6381553703 a prime number?
False
Is 8545215957 composite?
True
Is 99465013 a prime number?
True
Is 1107657263 composite?
True
Is 9590583913 a prime number?
True
Is 13458285091 a composite number?
False
Is 2061274751 a prime number?
False
Is 711869779 a composite number?
True
Is 393579359 prime?
False
Is 5536175273 a composite number?
True
Is 53829445369 composite?
True
Is 27113741659 prime?
False
Is 2563636913 prime?
True
Is 2259754279 a composite number?
False
Is 23103783029 a prime number?
True
Is 2170171139 a composite number?
False
Is 218193427 a composite number?
False
Is 53501665513 a composite number?
True
Is 334512749 a prime number?
True
Is 1766818435 a composite number?
True
Is 145505537 prime?
False
Is 21070267 prime?
True
Is 21137005501 a composite number?
False
Is 4236779129 